{"id":6,"date":"2020-05-25T21:56:32","date_gmt":"2020-05-25T21:56:32","guid":{"rendered":"http:\/\/gesig.hr\/?page_id=6"},"modified":"2024-08-27T19:15:55","modified_gmt":"2024-08-27T17:15:55","slug":"the-new-umoma-opens-its-doors-2","status":"publish","type":"page","link":"https:\/\/gesig.hr\/","title":{"rendered":"GESIG  HRVATSKA d.o.o."},"content":{"rendered":"<p>[et_pb_section fb_built=&#8221;1&#8243; _builder_version=&#8221;4.17.3&#8243; top_divider_style=&#8221;mountains&#8221; top_divider_color=&#8221;#E02B20&#8243; top_divider_height=&#8221;59px&#8221; top_divider_repeat=&#8221;2x&#8221; top_divider_flip=&#8221;vertical&#8221; top_divider_arrangement=&#8221;above_content&#8221; hover_transition_duration=&#8221;700ms&#8221; hover_transition_speed_curve=&#8221;ease-out&#8221; global_colors_info=&#8221;{}&#8221;][et_pb_row _builder_version=&#8221;4.16&#8243; background_size=&#8221;initial&#8221; background_position=&#8221;top_left&#8221; background_repeat=&#8221;repeat&#8221; global_colors_info=&#8221;{}&#8221;][et_pb_column type=&#8221;4_4&#8243; _builder_version=&#8221;4.16&#8243; custom_padding=&#8221;|||&#8221; global_colors_info=&#8221;{}&#8221; custom_padding__hover=&#8221;|||&#8221;][et_pb_text _builder_version=&#8221;4.16&#8243; background_size=&#8221;initial&#8221; background_position=&#8221;top_left&#8221; background_repeat=&#8221;repeat&#8221; global_colors_info=&#8221;{}&#8221;]<!-- divi:group {\"align\":\"wide\"} --><\/p>\n<div class=\"wp-block-group alignwide\"><!-- divi:paragraph {\"align\":\"center\"} --><\/p>\n<p class=\"has-text-align-center\">GESIG je u ve\u0107inskom vlasni\u0161tvu privatne austrijske grupacije tvrtki, koja zapo\u0161ljava vi\u0161e od 750 ljudi. Grupacija se uglavnom bavi proizvodima, sustavima i uslugama iz podru\u010dja prometa u mirovanju, sigurnosti prometa i objekata, kao i prijevozom vrijednosti.<\/p>\n<p><!-- \/divi:paragraph --> <!-- divi:paragraph {\"align\":\"center\"} --><\/p>\n<p class=\"has-text-align-center\">Na\u0161i tehni\u010dki savjetnici dostupni su vam sa svojim profesionalnim iskustvom i brzom uslugom!<span style=\"font-size: 14px; text-align: left;\">\u00a0<\/span><\/p>\n<\/div>\n<p>&nbsp;<\/p>\n<p>&nbsp;<\/p>\n<p>&nbsp;<\/p>\n<p><!-- \/divi:group -->[\/et_pb_text][\/et_pb_column][\/et_pb_row][et_pb_row column_structure=&#8221;1_2,1_2&#8243; _builder_version=&#8221;4.17.3&#8243; _module_preset=&#8221;default&#8221; global_colors_info=&#8221;{}&#8221;][et_pb_column type=&#8221;1_2&#8243; _builder_version=&#8221;4.17.3&#8243; _module_preset=&#8221;default&#8221; global_colors_info=&#8221;{}&#8221;][et_pb_image src=&#8221;https:\/\/gesig.hr\/wp-content\/uploads\/2022\/05\/Parkhaustechnik01.jpg&#8221; title_text=&#8221;Parkhaustechnik01&#8243; url=&#8221;https:\/\/gesig.hr\/index.php\/sample-page\/&#8221; _builder_version=&#8221;4.17.3&#8243; _module_preset=&#8221;default&#8221; box_shadow_style=&#8221;preset4&#8243; box_shadow_horizontal=&#8221;15px&#8221; box_shadow_vertical=&#8221;16px&#8221; box_shadow_blur=&#8221;18px&#8221; box_shadow_color=&#8221;#B3B3B3&#8243; global_colors_info=&#8221;{}&#8221;][\/et_pb_image][\/et_pb_column][et_pb_column type=&#8221;1_2&#8243; _builder_version=&#8221;4.17.3&#8243; _module_preset=&#8221;default&#8221; global_colors_info=&#8221;{}&#8221;][et_pb_image src=&#8221;https:\/\/gesig.hr\/wp-content\/uploads\/2022\/05\/Foto_ulaz2.png&#8221; title_text=&#8221;Foto_ulaz2&#8243; _builder_version=&#8221;4.17.3&#8243; _module_preset=&#8221;default&#8221; box_shadow_style=&#8221;preset4&#8243; box_shadow_horizontal=&#8221;21px&#8221; box_shadow_vertical=&#8221;12px&#8221; box_shadow_blur=&#8221;18px&#8221; global_colors_info=&#8221;{}&#8221;][\/et_pb_image][\/et_pb_column][\/et_pb_row][et_pb_row column_structure=&#8221;1_2,1_2&#8243; _builder_version=&#8221;4.17.3&#8243; _module_preset=&#8221;default&#8221; global_colors_info=&#8221;{}&#8221;][et_pb_column type=&#8221;1_2&#8243; _builder_version=&#8221;4.17.3&#8243; _module_preset=&#8221;default&#8221; global_colors_info=&#8221;{}&#8221;][et_pb_image src=&#8221;https:\/\/gesig.hr\/wp-content\/uploads\/2021\/03\/MetekaG.png&#8221; title_text=&#8221;MetekaG&#8221; _builder_version=&#8221;4.17.3&#8243; _module_preset=&#8221;default&#8221; box_shadow_style=&#8221;preset4&#8243; box_shadow_horizontal=&#8221;21px&#8221; box_shadow_vertical=&#8221;12px&#8221; box_shadow_blur=&#8221;18px&#8221; global_colors_info=&#8221;{}&#8221;][\/et_pb_image][\/et_pb_column][et_pb_column type=&#8221;1_2&#8243; _builder_version=&#8221;4.17.3&#8243; _module_preset=&#8221;default&#8221; global_colors_info=&#8221;{}&#8221;][et_pb_image src=&#8221;https:\/\/gesig.hr\/wp-content\/uploads\/2021\/03\/VNetS.jpg&#8221; title_text=&#8221;VNetS&#8221; _builder_version=&#8221;4.17.3&#8243; _module_preset=&#8221;default&#8221; box_shadow_style=&#8221;preset4&#8243; box_shadow_horizontal=&#8221;21px&#8221; box_shadow_vertical=&#8221;12px&#8221; box_shadow_blur=&#8221;18px&#8221; global_colors_info=&#8221;{}&#8221;][\/et_pb_image][\/et_pb_column][\/et_pb_row][\/et_pb_section]<\/p>\n","protected":false},"excerpt":{"rendered":"<p>GESIG je u ve\u0107inskom vlasni\u0161tvu privatne austrijske grupacije tvrtki, koja zapo\u0161ljava vi\u0161e od 750 ljudi. Grupacija se uglavnom bavi proizvodima, sustavima i uslugama iz podru\u010dja prometa u mirovanju, sigurnosti prometa i objekata, kao i prijevozom vrijednosti. Na\u0161i tehni\u010dki savjetnici dostupni su vam sa svojim profesionalnim iskustvom i brzom uslugom!\u00a0 &nbsp; &nbsp; &nbsp;<\/p>\n","protected":false},"author":1,"featured_media":5,"parent":0,"menu_order":0,"comment_status":"closed","ping_status":"closed","template":"","meta":{"_et_pb_use_builder":"on","_et_pb_old_content":"<!-- wp:group {\"align\":\"wide\"} -->\n<div class=\"wp-block-group alignwide\"><!-- wp:paragraph {\"align\":\"center\"} -->\n<p class=\"has-text-align-center\">GESIG je u ve\u0107inskom vlasni\u0161tvu privatne austrijske grupacije tvrtki, koja zapo\u0161ljava vi\u0161e od 650 ljudi i ostvaruje ukupni promet ve\u0107i od 40 milijuna eura na godi\u0161njoj razini. Grupacija se uglavnom bavi proizvodima, sustavima i uslugama iz podru\u010dja prometa u mirovanju, sigurnosti prometa i objekata, kao i prijevozom vrijednosti.<\/p>\n<!-- \/wp:paragraph -->\n\n<!-- wp:paragraph {\"align\":\"center\"} -->\n<p class=\"has-text-align-center\">Na\u0161i tehni\u010dki savjetnici dostupni su vam sa svojim profesionalnim iskustvom i brzom uslugom!<\/p>\n<!-- \/wp:paragraph -->\n\n<!-- wp:paragraph -->\n<p><\/p>\n<!-- \/wp:paragraph -->\n\n<!-- wp:paragraph -->\n<p><\/p>\n<!-- \/wp:paragraph --><\/div>\n<!-- \/wp:group -->\n\n<!-- wp:columns {\"align\":\"wide\"} -->\n<div class=\"wp-block-columns alignwide\"><!-- wp:column -->\n<div class=\"wp-block-column\"><!-- wp:group -->\n<div class=\"wp-block-group\"><!-- wp:image {\"align\":\"full\",\"id\":38,\"sizeSlug\":\"large\",\"linkDestination\":\"none\"} -->\n<figure class=\"wp-block-image alignfull size-large\"><img src=\"http:\/\/gesig.hr\/wp-content\/uploads\/2021\/03\/Parkhaustechnik01.jpg\" alt=\"\" class=\"wp-image-38\"\/><\/figure>\n<!-- \/wp:image -->\n\n<!-- wp:button {\"className\":\"is-style-outline\"} -->\n<div class=\"wp-block-button is-style-outline\"><a class=\"wp-block-button__link\" href=\"https:\/\/make.wordpress.org\/core\/2019\/09\/27\/block-editor-theme-related-updates-in-wordpress-5-3\/\">Za vi\u0161e informacija po\u0161aljite mail na info@gesig.hr<\/a><\/div>\n<!-- \/wp:button -->\n\n<!-- wp:heading {\"level\":3} -->\n<h3>Parkirni sustavi<\/h3>\n<!-- \/wp:heading --><\/div>\n<!-- \/wp:group -->\n\n<!-- wp:group -->\n<div class=\"wp-block-group\"><!-- wp:image {\"align\":\"full\",\"id\":43,\"sizeSlug\":\"large\",\"linkDestination\":\"none\"} -->\n<figure class=\"wp-block-image alignfull size-large\"><img src=\"http:\/\/gesig.hr\/wp-content\/uploads\/2021\/03\/VNetS.jpg\" alt=\"\" class=\"wp-image-43\"\/><\/figure>\n<!-- \/wp:image -->\n\n<!-- wp:heading {\"level\":3} -->\n<h3>Upravljanje prometom u gradovima<\/h3>\n<!-- \/wp:heading -->\n\n<!-- wp:button {\"className\":\"is-style-outline\"} -->\n<div class=\"wp-block-button is-style-outline\"><a class=\"wp-block-button__link\" href=\"https:\/\/make.wordpress.org\/core\/2019\/09\/27\/block-editor-theme-related-updates-in-wordpress-5-3\/\">Read More<\/a><\/div>\n<!-- \/wp:button --><\/div>\n<!-- \/wp:group --><\/div>\n<!-- \/wp:column -->\n\n<!-- wp:column -->\n<div class=\"wp-block-column\"><!-- wp:group -->\n<div class=\"wp-block-group\"><!-- wp:image {\"align\":\"full\",\"id\":41,\"sizeSlug\":\"large\",\"linkDestination\":\"none\"} -->\n<figure class=\"wp-block-image alignfull size-large\"><img src=\"http:\/\/gesig.hr\/wp-content\/uploads\/2021\/03\/Foto_ulaz2.png\" alt=\"\" class=\"wp-image-41\"\/><\/figure>\n<!-- \/wp:image -->\n\n<!-- wp:heading {\"level\":3} -->\n<h3>Broja\u010di posjetitelja<\/h3>\n<!-- \/wp:heading -->\n\n<!-- wp:button {\"className\":\"is-style-outline\"} -->\n<div class=\"wp-block-button is-style-outline\"><a class=\"wp-block-button__link\" href=\"https:\/\/make.wordpress.org\/core\/2019\/09\/27\/block-editor-theme-related-updates-in-wordpress-5-3\/\">Read More<\/a><\/div>\n<!-- \/wp:button --><\/div>\n<!-- \/wp:group -->\n\n<!-- wp:group -->\n<div class=\"wp-block-group\"><!-- wp:image {\"align\":\"full\",\"id\":50,\"sizeSlug\":\"large\",\"linkDestination\":\"media\"} -->\n<figure class=\"wp-block-image alignfull size-large\"><a href=\"http:\/\/gesig.hr\/wp-content\/uploads\/2021\/03\/MetekaG.png\"><img src=\"http:\/\/gesig.hr\/wp-content\/uploads\/2021\/03\/MetekaG.png\" alt=\"\" class=\"wp-image-50\"\/><\/a><\/figure>\n<!-- \/wp:image -->\n\n<!-- wp:heading {\"level\":3} -->\n<h3>Dezinfekcija medicinskog otpada<\/h3>\n<!-- \/wp:heading -->\n\n<!-- wp:button {\"className\":\"is-style-outline\"} -->\n<div class=\"wp-block-button is-style-outline\"><a class=\"wp-block-button__link\" href=\"https:\/\/make.wordpress.org\/core\/2019\/09\/27\/block-editor-theme-related-updates-in-wordpress-5-3\/\">Read More<\/a><\/div>\n<!-- \/wp:button --><\/div>\n<!-- \/wp:group --><\/div>\n<!-- \/wp:column --><\/div>\n<!-- \/wp:columns -->\n\n<!-- wp:group {\"align\":\"wide\",\"style\":{\"color\":{\"background\":\"#ffffff\"}}} -->\n<div class=\"wp-block-group alignwide has-background\" style=\"background-color:#ffffff\"><!-- wp:group -->\n<div class=\"wp-block-group\"><\/div>\n<!-- \/wp:group --><\/div>\n<!-- \/wp:group -->","_et_gb_content_width":""},"_links":{"self":[{"href":"https:\/\/gesig.hr\/index.php\/wp-json\/wp\/v2\/pages\/6"}],"collection":[{"href":"https:\/\/gesig.hr\/index.php\/wp-json\/wp\/v2\/pages"}],"about":[{"href":"https:\/\/gesig.hr\/index.php\/wp-json\/wp\/v2\/types\/page"}],"author":[{"embeddable":true,"href":"https:\/\/gesig.hr\/index.php\/wp-json\/wp\/v2\/users\/1"}],"replies":[{"embeddable":true,"href":"https:\/\/gesig.hr\/index.php\/wp-json\/wp\/v2\/comments?post=6"}],"version-history":[{"count":35,"href":"https:\/\/gesig.hr\/index.php\/wp-json\/wp\/v2\/pages\/6\/revisions"}],"predecessor-version":[{"id":207,"href":"https:\/\/gesig.hr\/index.php\/wp-json\/wp\/v2\/pages\/6\/revisions\/207"}],"wp:featuredmedia":[{"embeddable":true,"href":"https:\/\/gesig.hr\/index.php\/wp-json\/wp\/v2\/media\/5"}],"wp:attachment":[{"href":"https:\/\/gesig.hr\/index.php\/wp-json\/wp\/v2\/media?parent=6"}],"curies":[{"name":"wp","href":"https:\/\/api.w.org\/{rel}","templated":true}]}}