{"id":191,"date":"2023-10-14T20:24:59","date_gmt":"2023-10-14T18:24:59","guid":{"rendered":"https:\/\/gesig.hr\/?page_id=191"},"modified":"2023-10-14T20:31:42","modified_gmt":"2023-10-14T18:31:42","slug":"digitalni-parking","status":"publish","type":"page","link":"https:\/\/gesig.hr\/index.php\/digitalni-parking\/","title":{"rendered":"Digitalni parking"},"content":{"rendered":"<p>[et_pb_section fb_built=&#8221;1&#8243; _builder_version=&#8221;4.21.0&#8243; _module_preset=&#8221;default&#8221; global_colors_info=&#8221;{}&#8221;][et_pb_row _builder_version=&#8221;4.21.0&#8243; _module_preset=&#8221;default&#8221; global_colors_info=&#8221;{}&#8221;][et_pb_column type=&#8221;4_4&#8243; _builder_version=&#8221;4.21.0&#8243; _module_preset=&#8221;default&#8221; global_colors_info=&#8221;{}&#8221;][et_pb_video src=&#8221;https:\/\/gesig.hr\/wp-content\/uploads\/2023\/07\/Medijski-sadrzaj0.mp4&#8243; _builder_version=&#8221;4.21.0&#8243; _module_preset=&#8221;default&#8221; hover_enabled=&#8221;0&#8243; global_colors_info=&#8221;{}&#8221; sticky_enabled=&#8221;0&#8243; use_icon_font_size=&#8221;on&#8221; icon_font_size=&#8221;116px&#8221; font_icon=&#8221;&#x49;||divi||400&#8243;][\/et_pb_video][\/et_pb_column][\/et_pb_row][\/et_pb_section][et_pb_section fb_built=&#8221;1&#8243; _builder_version=&#8221;4.21.0&#8243; _module_preset=&#8221;default&#8221; custom_margin=&#8221;-66px|||||&#8221; global_colors_info=&#8221;{}&#8221;][et_pb_row column_structure=&#8221;1_2,1_2&#8243; _builder_version=&#8221;4.21.0&#8243; _module_preset=&#8221;default&#8221; global_colors_info=&#8221;{}&#8221;][et_pb_column type=&#8221;1_2&#8243; _builder_version=&#8221;4.21.0&#8243; _module_preset=&#8221;default&#8221; global_colors_info=&#8221;{}&#8221;][et_pb_text _builder_version=&#8221;4.21.0&#8243; _module_preset=&#8221;default&#8221; global_colors_info=&#8221;{}&#8221;]<\/p>\n<p>Sustav je temeljen na prepoznavanju registarskih oznaka vozila;<\/p>\n<ul>\n<li>nema parkirnih kartica ni drugog potro\u0161nog materijala,<\/li>\n<li>nema potrebe za bilo kakvim radom od strane lokalnog personala,<\/li>\n<li>nema dopunjavanja spremnika kartica\/rola na ulaznim terminalima,<\/li>\n<li>nema potrebe za pra\u017enjenjem spremnika iskori\u0161tenih kartica na izlazima,<\/li>\n<li>nema potrebe za izradom mjese\u010dnih obra\u010duna automatskih blagajni, saldiranjem stanja istih, dopunom spremnika kovanicama za ostatak, pra\u017enjenjem trezora za nov\u010danice odnosno kovanice.<\/li>\n<\/ul>\n<p>Gesig parkirni sustavi tijekom proizvodnje prolaze rigorozne procedure kontrole kvalitete komponenti i finalnog proizvoda \u0161to jam\u010di besprijekoran rad tijekom dugog niza godina eksploatacije.<\/p>\n<p>[\/et_pb_text][\/et_pb_column][et_pb_column type=&#8221;1_2&#8243; _builder_version=&#8221;4.21.0&#8243; _module_preset=&#8221;default&#8221; global_colors_info=&#8221;{}&#8221;][et_pb_image src=&#8221;https:\/\/gesig.hr\/wp-content\/uploads\/2023\/10\/ParkenPlus02.webp&#8221; title_text=&#8221;ParkenPlus02&#8243; _builder_version=&#8221;4.21.0&#8243; _module_preset=&#8221;default&#8221; global_colors_info=&#8221;{}&#8221;][\/et_pb_image][\/et_pb_column][\/et_pb_row][\/et_pb_section]<\/p>\n","protected":false},"excerpt":{"rendered":"<p>Sustav je temeljen na prepoznavanju registarskih oznaka vozila; nema parkirnih kartica ni drugog potro\u0161nog materijala, nema potrebe za bilo kakvim radom od strane lokalnog personala, nema dopunjavanja spremnika kartica\/rola na ulaznim terminalima, nema potrebe za pra\u017enjenjem spremnika iskori\u0161tenih kartica na izlazima, nema potrebe za izradom mjese\u010dnih obra\u010duna automatskih blagajni, saldiranjem stanja istih, dopunom spremnika kovanicama [&hellip;]<\/p>\n","protected":false},"author":2,"featured_media":0,"parent":0,"menu_order":0,"comment_status":"closed","ping_status":"closed","template":"","meta":{"_et_pb_use_builder":"on","_et_pb_old_content":"","_et_gb_content_width":""},"_links":{"self":[{"href":"https:\/\/gesig.hr\/index.php\/wp-json\/wp\/v2\/pages\/191"}],"collection":[{"href":"https:\/\/gesig.hr\/index.php\/wp-json\/wp\/v2\/pages"}],"about":[{"href":"https:\/\/gesig.hr\/index.php\/wp-json\/wp\/v2\/types\/page"}],"author":[{"embeddable":true,"href":"https:\/\/gesig.hr\/index.php\/wp-json\/wp\/v2\/users\/2"}],"replies":[{"embeddable":true,"href":"https:\/\/gesig.hr\/index.php\/wp-json\/wp\/v2\/comments?post=191"}],"version-history":[{"count":4,"href":"https:\/\/gesig.hr\/index.php\/wp-json\/wp\/v2\/pages\/191\/revisions"}],"predecessor-version":[{"id":196,"href":"https:\/\/gesig.hr\/index.php\/wp-json\/wp\/v2\/pages\/191\/revisions\/196"}],"wp:attachment":[{"href":"https:\/\/gesig.hr\/index.php\/wp-json\/wp\/v2\/media?parent=191"}],"curies":[{"name":"wp","href":"https:\/\/api.w.org\/{rel}","templated":true}]}}